he greatest common factor of 737 and 24991.
67
Calculate the greatest common factor of 1012 and 17468.
44
Calculate the greatest common divisor of 2431 and 5226.
13
What is the highest common factor of 18084 and 29181?
411
What is the greatest common divisor of 752 and 155711?
47
Calculate the greatest common divisor of 35 and 424165.
35
What is the greatest common factor of 996 and 450773?
83
Calculate the highest common divisor of 9108 and 14904.
828
What is the highest common factor of 54720 and 7980?
1140
Calculate the highest common factor of 9288 and 2565.
27
What is the highest common factor of 84 and 118556?
4
What is the highest common factor of 541829 and 268?
67
Calculate the highest common divisor of 1030 and 57371.
103
What is the highest common divisor of 82380 and 510?
30
Calculate the highest common factor of 274 and 466.
2
Calculate the greatest common divisor of 6232 and 148504.
152
What is the greatest common divisor of 2949 and 39?
3
Calculate the highest common divisor of 84 and 61278.
42
Calculate the greatest common factor of 18 and 39348.
18
Calculate the highest common factor of 24 and 114396.
12
What is the greatest common divisor of 437 and 11419?
19
Calculate the greatest common factor of 200352 and 336.
48
What is the highest common divisor of 26934 and 54?
6
What is the greatest common factor of 575 and 3536250?
575
What is the highest common factor of 21827 and 819?
13
What is the highest common factor of 15096 and 5712?
408
Calculate the highest common factor of 64503 and 21.
3
What is the highest common factor of 12139 and 19104?
199
What is the highest common factor of 9175 and 575?
25
What is the greatest common factor of 140202 and 36?
18
What is the greatest common factor of 141936 and 21?
3
What is the highest common factor of 3444 and 24521?
7
What is the highest common factor of 80497 and 707?
101
Calculate the highest common factor of 11 and 1484450.
11
Calculate the highest common divisor of 320 and 109195.
5
What is the highest common factor of 693 and 12276?
99
Calculate the greatest common divisor of 28 and 595798.
14
What is the highest common factor of 1560 and 51285?
195
Calculate the greatest common divisor of 1610 and 455308.
322
What is the highest common factor of 72 and 27288?
72
Calculate the greatest common divisor of 30 and 20406.
6
What is the highest common factor of 133145 and 186?
31
Calculate the greatest common divisor of 87 and 306849.
87
What is the highest common divisor of 540 and 219060?
180
Calculate the greatest common factor of 2534 and 2520.
14
What is the highest common divisor of 985 and 109729?
197
Calculate the greatest common factor of 441 and 45717.
147
What is the highest common divisor of 1868 and 404889?
467
What is the greatest common factor of 72 and 80604?
36
What is the greatest common divisor of 6808 and 24656?
184
Calculate the greatest common divisor of 159 and 726153.
159
What is the greatest common factor of 178 and 61499?
89
Calculate the highest common divisor of 36 and 8091.
9
What is the highest common factor of 149 and 22137079?
149
Calculate the greatest common factor of 368298 and 9198.
126
Calculate the greatest common divisor of 21372 and 78.
78
What is the greatest common factor of 175428 and 11682?
198
What is the greatest common divisor of 1060 and 24910?
530
Calculate the highest common factor of 744 and 2292.
12
Calculate the highest common factor of 22388 and 5336.
116
Calculate the greatest common divisor of 8908 and 8602.
34
Calculate the highest common divisor of 15 and 7145.
5
What is the greatest common divisor of 100 and 237850?
50
What is the greatest common divisor of 997068 and 108?
12
Calculate the highest common divisor of 236040 and 96.
24
Calculate the highest common factor of 829471 and 41.
41
Calculate the greatest common factor of 1811904 and 192.
192
What is the highest common factor of 14 and 288302?
14
Calculate the greatest common factor of 182 and 56069.
13
Calculate the highest common divisor of 2326366 and 98.
14
Calculate the highest common divisor of 249 and 16019.
83
Calculate the greatest common divisor of 144 and 2578048.
16
Calculate the highest common divisor of 7372 and 170332.
388
Calculate the greatest common divisor of 110 and 31834.
22
What is the highest common divisor of 4761 and 668127?
1587
What is the highest common divisor of 861 and 139769?
287
What is the highest common divisor of 408 and 1100427?
51
What is the highest common divisor of 113 and 319338?
113
Calculate the greatest common factor of 363632 and 192.
16
Calculate the highest common divisor of 261 and 70164.
9
What is the highest common factor of 54 and 1605231?
27
Calculate the greatest common divisor of 403 and 403.
403
Calculate the greatest common factor of 103 and 145539.
103
What is the greatest common factor of 1819808 and 5365?
1073
What is the greatest common divisor of 30 and 5081535?
15
Calculate the highest common divisor of 11387 and 3088.
193
What is the highest common factor of 5075490 and 420?
210
What is the highest common factor of 7395481 and 1223?
1223
What is the greatest common divisor of 429 and 7590?
33
Calculate the highest common divisor of 1329284 and 88.
44
Calculate the highest common divisor of 495 and 5190.
15
Calculate the greatest common divisor of 35 and 889371.
7
What is the greatest common divisor of 8600 and 473?
43
Calculate the highest common divisor of 116 and 1392464.
116
Calculate the greatest common factor of 4 and 47.
1
Calculate the greatest common factor of 9361 and 188071.
851
Calculate the greatest common factor of 2232 and 384.
24
What is the greatest common divisor of 344555 and 4527?
503
What is the highest common divisor of 2899 and 13?
13
What is the greatest common factor of 663 and 15171?
39
Calculate the highest common factor of 18 and 25076.
2
What is the highest common divisor of 2310 and 587433?
231
What is the greatest common divisor of 232 and 131167?
29
What is the greatest common factor of 150 and 5030?
10
What is the highest common factor of 33421 and 380?
19
What is the highest common divisor of 4832 and 6493?
151
What is the greatest common divisor of 551 and 464?
29
What is the greatest common factor of 10520 and 2600?
40
What is the highest common factor of 660 and 158790?
30
Calculate the greatest common divisor of 82 and 280358.
82
Calculate the greatest common divisor of 55 and 2305.
5
Calculate the greatest common divisor of 94215 and 3135.
165
Calculate the greatest common factor of 2046482 and 146.
146
What is the greatest common divisor of 5760 and 23580?
180
What is the greatest common factor of 245466 and 26?
26
Calculate the greatest common divisor of 2317 and 238.
7
Calculate the highest common divisor of 180 and 300546.
18
Calculate the highest common divisor of 3808 and 211939.
119
What is the highest common factor of 313 and 169333?
313
What is the highest common factor of 19954 and 22?
22
Calculate the highest common factor of 366 and 12383.
61
What is the highest common factor of 1419 and 55083?
129
What is the highest common factor of 325 and 11475?
25
Calculate the highest common divisor of 330 and 938058.
66
What is the highest common divisor of 2304 and 608?
32
Calculate the highest common divisor of 1372 and 25088.
196
Calculate the greatest common factor of 55 and 320.
5
What is the highest common divisor of 600 and 1920?
120
Calculate the greatest common factor of 168 and 67676.
28
What is the greatest common factor of 131758 and 16324?
1166
Calculate the highest common factor of 104654 and 18425.
737
Calculate the highest common factor of 1947 and 115935.
177
Calculate the greatest common divisor of 14192 and 48.
16
Calculate the highest common divisor of 172 and 505422.
86
What is the highest common factor of 64847 and 152?
19
Calculate the highest common divisor of 2432 and 133912.
152
What is the highest common factor of 2552 and 23896?
232
What is the highest common factor of 874 and 11020?
38
Calculate the highest common factor of 13 and 606489.
13
Calculate the greatest common divisor of 129815 and 70.
35
What is the greatest common factor of 268772 and 2030?
406
Calculate the highest common divisor of 24 and 1199144.
8
What is the highe